{"id":18,"date":"2018-02-14T10:44:33","date_gmt":"2018-02-14T10:44:33","guid":{"rendered":"http:\/\/www.komunalsystem.pl\/?page_id=18"},"modified":"2018-02-14T11:27:41","modified_gmt":"2018-02-14T11:27:41","slug":"doradztwo","status":"publish","type":"page","link":"https:\/\/www.komunalsystem.pl\/?page_id=18","title":{"rendered":"Doradztwo i oferta"},"content":{"rendered":"<p>Jako do\u015bwiadczani specjali\u015bci w zakresie regulacji \u017celiwa drogowego, doskonale zdajemy sobie spraw\u0119 z tego, jak du\u017ce znaczenie ma dla klient\u00f3w fachowe doradztwo.<\/p>\n<p><u>Dla zainteresowanych nasz\u0105 ofert\u0105 zapewniamy przede wszystkim:<\/u><\/p>\n<p><strong>&#8211; doradztwo techniczne<\/strong><\/p>\n<p><strong>&#8211; sporz\u0105dzanie wycen przedwykonawczych oraz powykonawczych<\/strong><\/p>\n<p><strong>&#8211; dob\u00f3r odpowiedniego \u017celiwa<\/strong><\/p>\n<p><strong>&#8211; dob\u00f3r metody regulacji lub monta\u017cu \u017celiwa<\/strong><\/p>\n<p>&nbsp;<\/p>\n<p><strong>Poni\u017cej poznaj szczeg\u00f3\u0142y naszej oferty:<\/strong><\/p>\n<p>\u2013 REGULACJA ORAZ WYMIANA TRADYCYJNYCH W\u0141AZ\u00d3W KANA\u0141OWYCH<\/p>\n<p>\u2013 MONTA\u017b W\u0141AZ\u00d3W SAMOPOZIOMUJ\u0104CYCH<\/p>\n<p>\u2013 MONTA\u017b WPUST\u00d3W SAMOPOZIOMUJ\u0104CYCH<\/p>\n<p>\u2013 REGULACJA ORAZ WYMIANA WPUST\u00d3W DESZCZOWYCH<\/p>\n<p>\u2013 MONTA\u017b ORAZ REGULACJA W\u0141AZ\u00d3W BEZKO\u0141NIERZOWYCH<\/p>\n<p>\u2013 MONTA\u017b ORAZ REGULACJA SKRZYNEK ZASUWOWYCH, HYDRANTOWYCH<\/p>\n<p>\u2013 WYCINANIE OKR\u0104G\u0141YCH OTWOR\u00d3W O \u015aREDNICY 70 CM DO 210 CM W NAWIERZCHNIACH BITUMICZNYCH, BETONOWYCH, GRANITOWYCH, ITP.<\/p>\n<p>\u2013 SPRZEDA\u017b SPECJALISTYCZNYCH\u00a0 SZALUNK\u00d3W ORAZ AKCESORI\u00d3W DO MONTA\u017bU \u017bELIWA DROGOWEGO<\/p>\n<p>\u2013 SPRZEDA\u017b ZAPRAW SZYBKOWI\u0104\u017b\u0104CYCH<\/p>\n<p>-SPRZEDA\u017b \u017bELIWA DROGOWEGO<\/p>\n<p>\u2013 \u0141ATANIE UBYTK\u00d3W W NAWIERZCHNIACH BITUMICZNYCH.<\/p>\n","protected":false},"excerpt":{"rendered":"<p>Jako do\u015bwiadczani specjali\u015bci w zakresie regulacji \u017celiwa drogowego, doskonale zdajemy sobie spraw\u0119 z tego, jak du\u017ce znaczenie ma dla klient\u00f3w fachowe doradztwo. Dla zainteresowanych nasz\u0105 ofert\u0105 zapewniamy przede wszystkim: &#8211; doradztwo techniczne &#8211; sporz\u0105dzanie wycen przedwykonawczych oraz powykonawczych &#8211; dob\u00f3r odpowiedniego \u017celiwa &#8211; dob\u00f3r metody regulacji lub monta\u017cu \u017celiwa &nbsp; Poni\u017cej poznaj szczeg\u00f3\u0142y naszej oferty: [&hellip;]<\/p>\n","protected":false},"author":1,"featured_media":0,"parent":0,"menu_order":0,"comment_status":"closed","ping_status":"closed","template":"","meta":[],"_links":{"self":[{"href":"https:\/\/www.komunalsystem.pl\/index.php?rest_route=\/wp\/v2\/pages\/18"}],"collection":[{"href":"https:\/\/www.komunalsystem.pl\/index.php?rest_route=\/wp\/v2\/pages"}],"about":[{"href":"https:\/\/www.komunalsystem.pl\/index.php?rest_route=\/wp\/v2\/types\/page"}],"author":[{"embeddable":true,"href":"https:\/\/www.komunalsystem.pl\/index.php?rest_route=\/wp\/v2\/users\/1"}],"replies":[{"embeddable":true,"href":"https:\/\/www.komunalsystem.pl\/index.php?rest_route=%2Fwp%2Fv2%2Fcomments&post=18"}],"version-history":[{"count":4,"href":"https:\/\/www.komunalsystem.pl\/index.php?rest_route=\/wp\/v2\/pages\/18\/revisions"}],"predecessor-version":[{"id":88,"href":"https:\/\/www.komunalsystem.pl\/index.php?rest_route=\/wp\/v2\/pages\/18\/revisions\/88"}],"wp:attachment":[{"href":"https:\/\/www.komunalsystem.pl\/index.php?rest_route=%2Fwp%2Fv2%2Fmedia&parent=18"}],"curies":[{"name":"wp","href":"https:\/\/api.w.org\/{rel}","templated":true}]}}